72.9.244.82 - - [03/Nov/2006:01:59:57 +0000] "HEAD / HTTP/1.1" 200 - "http://www.writercoachconnection.org/images/online/vicodin/" "Mozilla/4.0 (compatible; MSIE 6.0; Windows NT 5.1)"
72.9.244.82 - - [03/Nov/2006:02:07:29 +0000] "HEAD / HTTP/1.1" 200 - "http://www.annabellenyc.com/images/online/vicodin/" "Mozilla/4.0 (compatible; MSIE 6.0; Windows NT 5.1)"
72.29.73.155 - - [03/Nov/2006:02:11:12 +0000] "HEAD / HTTP/1.1" 200 - "http://www.brasselephant.com/images/online/phentermine/" "Mozilla/4.0 (compatible; MSIE 6.0; Windows NT 5.1)"
205.238.205.205 - - [03/Nov/2006:02:16:21 +0000] "GET /images/grid.gif HTTP/1.1" 200 1460 "http://www.northcyprus.co.uk/" "Mozilla/5.0 (Windows; U; Windows NT 5.1; en-US; rv:1.7.12) Gecko/20050915 Firefox/1.0.7"
72.232.75.139 - - [03/Nov/2006:02:16:43 +0000] "HEAD / HTTP/1.1" 200 - "http://www.mylifewithgarlic.com/images/online/vicodin/" "Mozilla/4.0 (compatible; MSIE 6.0; Windows NT 5.1)"
72.165.32.11 - - [03/Nov/2006:02:17:12 +0000] "GET /images/s-pcouk.gif HTTP/1.1" 200 112 "-" "Mozilla/5.0 (Windows; U; Windows NT 5.1; en-US; rv:1.8.0.7) Gecko/20060909 Firefox/1.5.0.7"
72.9.244.82 - - [03/Nov/2006:02:18:31 +0000] "HEAD / HTTP/1.1" 200 - "http://www.starshipmoonhawk.com/images/online/xanax/" "Mozilla/4.0 (compatible; MSIE 6.0; Windows NT 5.1)"
72.9.244.82 - - [03/Nov/2006:02:30:24 +0000] "HEAD / HTTP/1.1" 200 - "http://www.americanrecords.com/images/online/ultram/" "Mozilla/4.0 (compatible; MSIE 6.0; Windows NT 5.1)"
72.232.75.139 - - [03/Nov/2006:02:37:58 +0000] "HEAD / HTTP/1.1" 200 - "http://www.ashevillelyric.org/images/online/xanax/" "Mozilla/4.0 (compatible; MSIE 6.0; Windows NT 5.1)"
72.232.75.139 - - [03/Nov/2006:02:40:13 +0000] "HEAD / HTTP/1.1" 200 - "http://www.virginiachallenge.org/images/online/phentermine/" "Mozilla/4.0 (compatible; MSIE 6.0; Windows NT 5.1)"
195.10.45.219 - - [03/Nov/2006:02:45:52 +0000] "GET /images/grid.gif HTTP/1.1" 200 1460 "http://www.pajeroclub.co.uk/" "Mozilla/4.0 (compatible; MSIE 6.0; Windows 98)"
72.9.244.82 - - [03/Nov/2006:03:02:15 +0000] "HEAD / HTTP/1.1" 200 - "http://www.designsbysamdavis.com/images/online/buy-phentermine/" "Mozilla/4.0 (compatible; MSIE 6.0; Windows NT 5.1)"
72.29.73.155 - - [03/Nov/2006:03:08:01 +0000] "HEAD / HTTP/1.1" 200 - "http://www.ashevillelyric.org/images/online/valium/" "Mozilla/4.0 (compatible; MSIE 6.0; Windows NT 5.1)"
72.29.73.155 - - [03/Nov/2006:03:08:45 +0000] "HEAD / HTTP/1.1" 200 - "http://www.borishamilton.com/images/online/viagra/" "Mozilla/4.0 (compatible; MSIE 6.0; Windows NT 5.1)"
72.232.75.139 - - [03/Nov/2006:03:14:16 +0000] "HEAD / HTTP/1.1" 200 - "http://www.brasselephant.com/images/online/valium/" "Mozilla/4.0 (compatible; MSIE 6.0; Windows NT 5.1)"
72.232.75.139 - - [03/Nov/2006:03:17:27 +0000] "HEAD / HTTP/1.1" 200 - "http://www.linec3.com/images/online/vicodin/" "Mozilla/4.0 (compatible; MSIE 6.0; Windows NT 5.1)"
72.232.75.139 - - [03/Nov/2006:03:17:58 +0000] "HEAD / HTTP/1.1" 200 - "http://www.carlsoncustomhomes.com/images/online/buy-phentermine/" "Mozilla/4.0 (compatible; MSIE 6.0; Windows NT 5.1)"
204.13.171.224 - - [03/Nov/2006:03:18:30 +0000] "HEAD / HTTP/1.1" 200 - "http://www.prairiepreservationalliance.org/images/online/vicodin/" "Mozilla/4.0 (compatible; MSIE 6.0; Windows NT 5.1)"
72.9.244.82 - - [03/Nov/2006:03:25:23 +0000] "HEAD / HTTP/1.1" 200 - "http://www.artquestonline.org/images/online/vicodin/" "Mozilla/4.0 (compatible; MSIE 6.0; Windows NT 5.1)"
72.232.75.139 - - [03/Nov/2006:03:26:49 +0000] "HEAD / HTTP/1.1" 200 - "http://www.joyephoto.com/images/online/buy-phentermine/" "Mozilla/4.0 (compatible; MSIE 6.0; Windows NT 5.1)"
204.13.171.224 - - [03/Nov/2006:03:32:14 +0000] "HEAD / HTTP/1.1" 200 - "http://www.annabellenyc.com/images/online/adipex/" "Mozilla/4.0 (compatible; MSIE 6.0; Windows NT 5.1)"
72.232.75.139 - - [03/Nov/2006:03:34:57 +0000] "HEAD / HTTP/1.1" 200 - "http://www.esperanzadelbarrio.org/images/online/xanax/" "Mozilla/4.0 (compatible; MSIE 6.0; Windows NT 5.1)"
72.232.75.139 - - [03/Nov/2006:03:36:15 +0000] "HEAD / HTTP/1.1" 200 - "http://www.coxtennis.com/images/online/ultram/" "Mozilla/4.0 (compatible; MSIE 6.0; Windows NT 5.1)"
72.29.73.155 - - [03/Nov/2006:03:36:26 +0000] "HEAD / HTTP/1.1" 200 - "http://www.tcastle.com/images/online/xanax/" "Mozilla/4.0 (compatible; MSIE 6.0; Windows NT 5.1)"
72.232.75.139 - - [03/Nov/2006:03:40:04 +0000] "HEAD / HTTP/1.1" 200 - "http://www.teachmath.net/images/online/ultram/" "Mozilla/4.0 (compatible; MSIE 6.0; Windows NT 5.1)"
204.13.171.224 - - [03/Nov/2006:03:41:42 +0000] "HEAD / HTTP/1.1" 200 - "http://www.theremnants.com/images/online/buy-phentermine/" "Mozilla/4.0 (compatible; MSIE 6.0; Windows NT 5.1)"
72.232.75.139 - - [03/Nov/2006:03:42:46 +0000] "HEAD / HTTP/1.1" 200 - "" "Mozilla/4.0 (compatible; MSIE 6.0; Windows NT 5.1)"
72.29.73.155 - - [03/Nov/2006:03:47:29 +0000] "HEAD / HTTP/1.1" 200 - "http://www.chaosbydesign.com/images/online/vicodin/" "Mozilla/4.0 (compatible; MSIE 6.0; Windows NT 5.1)"
72.29.73.155 - - [03/Nov/2006:03:57:12 +0000] "HEAD / HTTP/1.1" 200 - "http://www.buffweekly.com/images/online/fioricet/" "Mozilla/4.0 (compatible; MSIE 6.0; Windows NT 5.1)"
72.232.75.139 - - [03/Nov/2006:03:59:49 +0000] "HEAD / HTTP/1.1" 200 - "http://www.lucmonnin.net/images/online/adipex/" "Mozilla/4.0 (compatible; MSIE 6.0; Windows NT 5.1)"
84.16.240.219 - - [03/Nov/2006:04:00:07 +0000] "GET / HTTP/1.0" 200 16481 "-" "Wget/1.9.1"
204.13.171.224 - - [03/Nov/2006:04:01:14 +0000] "HEAD / HTTP/1.1" 200 - "http://www.lynnwardlow.com/images/online/ultram/" "Mozilla/4.0 (compatible; MSIE 6.0; Windows NT 5.1)"
72.232.75.139 - - [03/Nov/2006:04:02:39 +0000] "HEAD / HTTP/1.1" 200 - "http://www.sweaterbabe.com/images/online/phentermine/" "Mozilla/4.0 (compatible; MSIE 6.0; Windows NT 5.1)"
65.33.7.196 - - [03/Nov/2006:04:07:30 +0000] "GET /images/small-patch.jpg HTTP/1.1" 200 6533 "http://www.active-autowerke.co.uk/carbon-fibre-e36.shtml" "Mozilla/4.0 (compatible; MSIE 6.0; Windows NT 5.1; SV1; CMS Music Store2 v1.00.13 (Music Store,1033); .NET CLR 1.0.3705; .NET CLR 1.1.4322; Media Center PC 4.0; .NET CLR 2.0.50727)"
72.232.75.139 - - [03/Nov/2006:04:10:45 +0000] "HEAD / HTTP/1.1" 200 - "http://www.etizio.net/images/online/adipex/" "Mozilla/4.0 (compatible; MSIE 6.0; Windows NT 5.1)"
72.29.73.155 - - [03/Nov/2006:04:16:17 +0000] "HEAD / HTTP/1.1" 200 - "http://www.theremnants.com/images/online/adipex/" "Mozilla/4.0 (compatible; MSIE 6.0; Windows NT 5.1)"
204.13.171.224 - - [03/Nov/2006:04:29:10 +0000] "HEAD / HTTP/1.1" 200 - "http://www.mightycompanions.org/images/online/viagra/" "Mozilla/4.0 (compatible; MSIE 6.0; Windows NT 5.1)"
72.29.73.155 - - [03/Nov/2006:04:31:51 +0000] "HEAD / HTTP/1.1" 200 - "http://www.chancecuisine.com/images/online/viagra/" "Mozilla/4.0 (compatible; MSIE 6.0; Windows NT 5.1)"
74.6.74.198 - - [03/Nov/2006:04:32:56 +0000] "GET /robots.txt HTTP/1.0" 404 23278 "-" "Mozilla/5.0 (compatible; Yahoo! Slurp; http://help.yahoo.com/help/us/ysearch/slurp)"
74.6.67.168 - - [03/Nov/2006:04:32:57 +0000] "GET /privacy-policy.shtml HTTP/1.0" 200 8675 "-" "Mozilla/5.0 (compatible; Yahoo! Slurp; http://help.yahoo.com/help/us/ysearch/slurp)"
72.232.75.139 - - [03/Nov/2006:04:36:58 +0000] "HEAD / HTTP/1.1" 200 - "http://www.emergingartistsgroup.com/images/online/viagra/" "Mozilla/4.0 (compatible; MSIE 6.0; Windows NT 5.1)"
72.30.177.13 - - [03/Nov/2006:04:42:15 +0000] "GET /robots.txt HTTP/1.0" 404 23278 "-" "Mozilla/5.0 (compatible; Yahoo! Slurp; http://help.yahoo.com/help/us/ysearch/slurp)"
74.6.72.238 - - [03/Nov/2006:04:43:23 +0000] "GET /general/index.shtml HTTP/1.0" 200 5341 "-" "Mozilla/5.0 (compatible; Yahoo! Slurp; http://help.yahoo.com/help/us/ysearch/slurp)"
72.30.177.20 - - [03/Nov/2006:04:43:46 +0000] "GET / HTTP/1.0" 200 16481 "-" "Mozilla/5.0 (compatible; Yahoo! Slurp; http://help.yahoo.com/help/us/ysearch/slurp)"
72.232.75.139 - - [03/Nov/2006:04:43:51 +0000] "HEAD / HTTP/1.1" 200 - "http://www.brasselephant.com/images/online/buy-phentermine/" "Mozilla/4.0 (compatible; MSIE 6.0; Windows NT 5.1)"
70.84.114.34 - - [03/Nov/2006:04:45:25 +0000] "HEAD / HTTP/1.1" 200 - "http://www.glorifythepast.com/images/online/phentermine/" "Mozilla/4.0 (compatible; MSIE 6.0; Windows NT 5.1)"
74.6.74.198 - - [03/Nov/2006:04:46:26 +0000] "GET /robots.txt HTTP/1.0" 404 23270 "-" "Mozilla/5.0 (compatible; Yahoo! Slurp; http://help.yahoo.com/help/us/ysearch/slurp)"
74.6.73.243 - - [03/Nov/2006:04:46:27 +0000] "GET /food/index.shtml HTTP/1.0" 200 5685 "-" "Mozilla/5.0 (compatible; Yahoo! Slurp; http://help.yahoo.com/help/us/ysearch/slurp)"
86.135.193.193 - - [03/Nov/2006:04:48:52 +0000] "GET /images/small-patch.jpg HTTP/1.1" 200 6533 "http://www.steam-powered-video.co.uk/index.shtml" "Mozilla/4.0 (compatible; MSIE 6.0; Windows NT 5.1; SV1; YPC 3.2.0; .NET CLR 1.1.4322)"
72.232.75.139 - - [03/Nov/2006:04:49:01 +0000] "HEAD / HTTP/1.1" 200 - "http://www.chaosbydesign.com/images/online/ultram/" "Mozilla/4.0 (compatible; MSIE 6.0; Windows NT 5.1)"
72.29.73.155 - - [03/Nov/2006:04:49:25 +0000] "HEAD / HTTP/1.1" 200 - "http://www.designsbysamdavis.com/images/online/buy-phentermine/" "Mozilla/4.0 (compatible; MSIE 6.0; Windows NT 5.1)"
72.29.73.155 - - [03/Nov/2006:04:54:38 +0000] "HEAD / HTTP/1.1" 200 - "http://www.mabonline.info/images/online/viagra/" "Mozilla/4.0 (compatible; MSIE 6.0; Windows NT 5.1)"
125.17.12.138 - - [03/Nov/2006:04:54:59 +0000] "GET /images/small-patch.jpg HTTP/1.1" 200 6533 "http://www.discount-kitchen-appliance.co.uk/acatalog/info_KIR38A40.html" "Mozilla/4.0 (compatible; MSIE 6.0; Windows NT 5.1) Opera 7.20 [en]"
74.6.73.243 - - [03/Nov/2006:04:55:31 +0000] "GET /food/index.shtml HTTP/1.0" 200 5685 "-" "Mozilla/5.0 (compatible; Yahoo! Slurp; http://help.yahoo.com/help/us/ysearch/slurp)"
72.29.73.155 - - [03/Nov/2006:04:55:51 +0000] "HEAD / HTTP/1.1" 200 - "http://www.buffweekly.com/images/online/adipex/" "Mozilla/4.0 (compatible; MSIE 6.0; Windows NT 5.1)"
72.29.73.155 - - [03/Nov/2006:04:56:32 +0000] "HEAD / HTTP/1.1" 200 - "http://www.burtonhanson.com/images/online/tramadol/" "Mozilla/4.0 (compatible; MSIE 6.0; Windows NT 5.1)"
74.6.73.243 - - [03/Nov/2006:05:01:29 +0000] "GET /food/index.shtml HTTP/1.0" 200 5685 "-" "Mozilla/5.0 (compatible; Yahoo! Slurp; http://help.yahoo.com/help/us/ysearch/slurp)"
72.232.75.139 - - [03/Nov/2006:05:04:40 +0000] "HEAD / HTTP/1.1" 200 - "http://www.discoverkimmswick.com/images/online/xanax/" "Mozilla/4.0 (compatible; MSIE 6.0; Windows NT 5.1)"
72.232.75.139 - - [03/Nov/2006:05:06:05 +0000] "HEAD / HTTP/1.1" 200 - "http://www.mabonline.info/images/online/valium/" "Mozilla/4.0 (compatible; MSIE 6.0; Windows NT 5.1)"
74.6.73.243 - - [03/Nov/2006:05:11:15 +0000] "GET /food/index.shtml HTTP/1.0" 200 5685 "-" "Mozilla/5.0 (compatible; Yahoo! Slurp; http://help.yahoo.com/help/us/ysearch/slurp)"
72.29.73.155 - - [03/Nov/2006:05:15:52 +0000] "HEAD / HTTP/1.1" 200 - "http://www.ambrosiagardens.com/images/online/fioricet/" "Mozilla/4.0 (compatible; MSIE 6.0; Windows NT 5.1)"
72.29.73.155 - - [03/Nov/2006:05:16:56 +0000] "HEAD / HTTP/1.1" 200 - "http://www.glorifythepast.com/images/online/valium/" "Mozilla/4.0 (compatible; MSIE 6.0; Windows NT 5.1)"
72.232.75.139 - - [03/Nov/2006:05:19:42 +0000] "HEAD / HTTP/1.1" 200 - "http://www.teachmath.net/images/online/vicodin/" "Mozilla/4.0 (compatible; MSIE 6.0; Windows NT 5.1)"
72.232.75.139 - - [03/Nov/2006:05:21:13 +0000] "HEAD / HTTP/1.1" 200 - "http://www.blairadr.com/images/online/valium/" "Mozilla/4.0 (compatible; MSIE 6.0; Windows NT 5.1)"
86.136.162.196 - - [03/Nov/2006:05:21:21 +0000] "GET /images/small-patch.jpg HTTP/1.1" 200 6533 "-" "Mozilla/4.0 (compatible; MSIE 6.0; Windows NT 5.1; SV1; .NET CLR 2.0.40607)"
72.29.73.155 - - [03/Nov/2006:05:23:17 +0000] "HEAD / HTTP/1.1" 200 - "http://www.bunga.com/images/online/valium/" "Mozilla/4.0 (compatible; MSIE 6.0; Windows NT 5.1)"
72.232.75.139 - - [03/Nov/2006:05:23:21 +0000] "HEAD / HTTP/1.1" 200 - "http://www.deerhavenestate.com/images/online/buy-phentermine/" "Mozilla/4.0 (compatible; MSIE 6.0; Windows NT 5.1)"
72.232.75.139 - - [03/Nov/2006:05:24:44 +0000] "HEAD / HTTP/1.1" 200 - "http://www.burtonhanson.com/images/online/ultram/" "Mozilla/4.0 (compatible; MSIE 6.0; Windows NT 5.1)"
70.84.114.34 - - [03/Nov/2006:05:28:27 +0000] "HEAD / HTTP/1.1" 200 - "http://www.todomimundoacolor.com/images/online/xanax/" "Mozilla/4.0 (compatible; MSIE 6.0; Windows NT 5.1)"
72.232.75.139 - - [03/Nov/2006:05:28:44 +0000] "HEAD / HTTP/1.1" 200 - "http://www.sweaterbabe.com/images/online/ultram/" "Mozilla/4.0 (compatible; MSIE 6.0; Windows NT 5.1)"
72.29.73.155 - - [03/Nov/2006:05:32:00 +0000] "HEAD / HTTP/1.1" 200 - "http://www.vip-creations.com/images/online/fioricet/" "Mozilla/4.0 (compatible; MSIE 6.0; Windows NT 5.1)"
72.232.75.139 - - [03/Nov/2006:05:34:06 +0000] "HEAD / HTTP/1.1" 200 - "http://www.nwsoc.org/images/online/ultram/" "Mozilla/4.0 (compatible; MSIE 6.0; Windows NT 5.1)"
66.66.229.142 - - [03/Nov/2006:05:34:46 +0000] "GET /images/small-patch.jpg HTTP/1.1" 200 6533 "http://www.ca-automotive.co.uk/specialist-bmw-products3.shtml" "Mozilla/4.0 (compatible; MSIE 6.0; Windows NT 5.1; SV1; .NET CLR 2.0.50727)"
72.29.73.155 - - [03/Nov/2006:05:37:57 +0000] "HEAD / HTTP/1.1" 200 - "http://www.churchlife.org/images/online/buy-phentermine/" "Mozilla/4.0 (compatible; MSIE 6.0; Windows NT 5.1)"
72.232.75.139 - - [03/Nov/2006:05:38:24 +0000] "HEAD / HTTP/1.1" 200 - "http://www.endpointdirect.com/images/online/valium/" "Mozilla/4.0 (compatible; MSIE 6.0; Windows NT 5.1)"
72.232.75.139 - - [03/Nov/2006:05:41:05 +0000] "HEAD / HTTP/1.1" 200 - "http://www.churchlife.org/images/online/valium/" "Mozilla/4.0 (compatible; MSIE 6.0; Windows NT 5.1)"
72.232.75.139 - - [03/Nov/2006:05:46:07 +0000] "HEAD / HTTP/1.1" 200 - "http://www.chancecuisine.com/images/online/tramadol/" "Mozilla/4.0 (compatible; MSIE 6.0; Windows NT 5.1)"
81.105.145.107 - - [03/Nov/2006:05:46:09 +0000] "GET /images/grid.gif HTTP/1.1" 200 1460 "http://www.pajeroclub.co.uk/" "Mozilla/4.0 (compatible; MSIE 6.0; Windows 98; Win 9x 4.90)"
72.232.75.139 - - [03/Nov/2006:05:47:25 +0000] "HEAD / HTTP/1.1" 200 - "http://www.wallyhood.com/images/online/vicodin/" "Mozilla/4.0 (compatible; MSIE 6.0; Windows NT 5.1)"
72.232.75.139 - - [03/Nov/2006:05:51:07 +0000] "HEAD / HTTP/1.1" 200 - "http://www.angelosandvincis.com/images/online/fioricet/" "Mozilla/4.0 (compatible; MSIE 6.0; Windows NT 5.1)"
72.29.73.155 - - [03/Nov/2006:05:52:36 +0000] "HEAD / HTTP/1.1" 200 - "http://www.glorifythepast.com/images/online/adipex/" "Mozilla/4.0 (compatible; MSIE 6.0; Windows NT 5.1)"
72.232.75.139 - - [03/Nov/2006:05:58:09 +0000] "HEAD / HTTP/1.1" 200 - "http://www.blues-dance.com/images/online/xanax/" "Mozilla/4.0 (compatible; MSIE 6.0; Windows NT 5.1)"
72.232.75.139 - - [03/Nov/2006:06:00:28 +0000] "HEAD / HTTP/1.1" 200 - "http://www.creativity-engineering.com/images/online/valium/" "Mozilla/4.0 (compatible; MSIE 6.0; Windows NT 5.1)"
72.29.73.155 - - [03/Nov/2006:06:06:52 +0000] "HEAD / HTTP/1.1" 200 - "http://www.cinemaphile.org/images/online/adipex/" "Mozilla/4.0 (compatible; MSIE 6.0; Windows NT 5.1)"
204.13.171.224 - - [03/Nov/2006:06:13:13 +0000] "HEAD / HTTP/1.1" 200 - "http://www.chancecuisine.com/images/online/buy-phentermine/" "Mozilla/4.0 (compatible; MSIE 6.0; Windows NT 5.1)"
66.249.65.116 - - [03/Nov/2006:06:13:25 +0000] "GET /cgi-bin/index.pl?action=showme&id=152 HTTP/1.1" 200 9375 "-" "Mediapartners-Google/2.1"
66.249.65.116 - - [03/Nov/2006:06:15:46 +0000] "GET /robots.txt HTTP/1.1" 404 23270 "-" "Mozilla/5.0 (compatible; Googlebot/2.1; +http://www.google.com/bot.html)"
66.249.65.116 - - [03/Nov/2006:06:15:47 +0000] "GET /logs/backup/?C=S;O=A HTTP/1.1" 200 693 "-" "Mozilla/5.0 (compatible; Googlebot/2.1; +http://www.google.com/bot.html)"
66.249.65.116 - - [03/Nov/2006:06:16:45 +0000] "GET /logs/backup/?C=D;O=A HTTP/1.1" 200 693 "-" "Mozilla/5.0 (compatible; Googlebot/2.1; +http://www.google.com/bot.html)"
66.249.65.116 - - [03/Nov/2006:06:17:50 +0000] "GET /logs/backup/?C=M;O=A HTTP/1.1" 200 693 "-" "Mozilla/5.0 (compatible; Googlebot/2.1; +http://www.google.com/bot.html)"
66.249.65.116 - - [03/Nov/2006:06:19:00 +0000] "GET /logs/backup/?C=N;O=D HTTP/1.1" 200 693 "-" "Mozilla/5.0 (compatible; Googlebot/2.1; +http://www.google.com/bot.html)"
84.11.74.230 - - [03/Nov/2006:06:20:13 +0000] "GET /images/small-patch.jpg HTTP/1.1" 200 6533 "http://mercedes.reconditioned-engines.co.uk/ggl/?gclid=CNmgw46eqogCFRGXFQodHFJNiw" "Mozilla/4.0 (compatible; MSIE 6.0; Windows NT 5.1; SV1; .NET CLR 2.0.50727)"
72.29.73.155 - - [03/Nov/2006:06:23:34 +0000] "HEAD / HTTP/1.1" 200 - "http://www.alaskagetaway.net/images/online/fioricet/" "Mozilla/4.0 (compatible; MSIE 6.0; Windows NT 5.1)"
72.29.73.155 - - [03/Nov/2006:06:23:38 +0000] "HEAD / HTTP/1.1" 200 - "http://www.aesmichigan.com/images/online/adipex/" "Mozilla/4.0 (compatible; MSIE 6.0; Windows NT 5.1)"
66.249.65.116 - - [03/Nov/2006:06:32:38 +0000] "GET /robots.txt HTTP/1.1" 404 23278 "-" "Mediapartners-Google/2.1"
66.249.65.116 - - [03/Nov/2006:06:32:39 +0000] "GET /cgi-bin/index.pl?action=showinfo&maincat=1031&subcat=15 HTTP/1.1" 200 11013 "-" "Mediapartners-Google/2.1"
88.113.154.182 - - [03/Nov/2006:06:40:43 +0000] "GET /images/small-patch.jpg HTTP/1.1" 200 6533 "http://mercedes.reconditioned-engines.co.uk/ggl/?gclid=COfH5teiqogCFRvFXgodymnycg" "Mozilla/4.0 (compatible; MSIE 6.0; Windows NT 5.1; SV1)"
72.29.73.155 - - [03/Nov/2006:06:41:13 +0000] "HEAD / HTTP/1.1" 200 - "http://www.sweaterbabe.com/images/online/tramadol/" "Mozilla/4.0 (compatible; MSIE 6.0; Windows NT 5.1)"
128.250.185.142 - - [03/Nov/2006:06:41:58 +0000] "GET /images/grid.gif HTTP/1.1" 200 1460 "http://www.internet-marketing-kent.co.uk/bullfrogbats.shtml" "Mozilla/4.0 (compatible; MSIE 5.16; Mac_PowerPC)"
72.29.73.155 - - [03/Nov/2006:06:51:38 +0000] "HEAD / HTTP/1.1" 200 - "http://www.lucmonnin.net/images/online/valium/" "Mozilla/4.0 (compatible; MSIE 6.0; Windows NT 5.1)"
86.132.74.118 - - [03/Nov/2006:07:09:02 +0000] "GET /images/grid.gif HTTP/1.1" 200 1460 "http://www.internet-marketing-kent.co.uk/bestintents.shtml" "Mozilla/4.0 (compatible; MSIE 6.0; Windows NT 5.1; SV1; YPC 3.2.0; .NET CLR 1.1.4322)"
66.249.65.116 - - [03/Nov/2006:07:12:06 +0000] "GET /logs/backup/access_log HTTP/1.1" 200 102774182 "-" "Mozilla/5.0 (compatible; Googlebot/2.1; +http://www.google.com/bot.html)"
72.29.73.155 - - [03/Nov/2006:07:28:00 +0000] "HEAD / HTTP/1.1" 200 - "http://www.tibetarts.com/images/online/phentermine/" "Mozilla/4.0 (compatible; MSIE 6.0; Windows NT 5.1)"
72.29.73.155 - - [03/Nov/2006:07:30:54 +0000] "HEAD / HTTP/1.1" 200 - "http://www.nwsoc.org/images/online/buy-phentermine/" "Mozilla/4.0 (compatible; MSIE 6.0; Windows NT 5.1)"
72.29.73.155 - - [03/Nov/2006:07:34:16 +0000] "HEAD / HTTP/1.1" 200 - "http://www.lucmonnin.net/images/online/vicodin/" "Mozilla/4.0 (compatible; MSIE 6.0; Windows NT 5.1)"
70.84.114.34 - - [03/Nov/2006:07:35:32 +0000] "HEAD / HTTP/1.1" 200 - "http://www.chaosbydesign.com/images/online/vicodin/" "Mozilla/4.0 (compatible; MSIE 6.0; Windows NT 5.1)"
72.232.75.139 - - [03/Nov/2006:07:57:41 +0000] "HEAD / HTTP/1.1" 200 - "http://www.ambrosiagardens.com/images/online/fioricet/" "Mozilla/4.0 (compatible; MSIE 6.0; Windows NT 5.1)"
72.232.75.139 - - [03/Nov/2006:07:59:44 +0000] "HEAD / HTTP/1.1" 200 - "http://www.burtonhanson.com/images/online/vicodin/" "Mozilla/4.0 (compatible; MSIE 6.0; Windows NT 5.1)"
72.29.73.155 - - [03/Nov/2006:08:04:19 +0000] "HEAD / HTTP/1.1" 200 - "http://www.joyephoto.com/images/online/buy-phentermine/" "Mozilla/4.0 (compatible; MSIE 6.0; Windows NT 5.1)"
72.232.75.139 - - [03/Nov/2006:08:14:16 +0000] "HEAD / HTTP/1.1" 200 - "http://www.ambrosiagardens.com/images/online/adipex/" "Mozilla/4.0 (compatible; MSIE 6.0; Windows NT 5.1)"
72.29.73.155 - - [03/Nov/2006:08:17:42 +0000] "HEAD / HTTP/1.1" 200 - "http://www.agentlemandrunk.com/images/online/xanax/" "Mozilla/4.0 (compatible; MSIE 6.0; Windows NT 5.1)"
72.232.75.139 - - [03/Nov/2006:08:19:25 +0000] "HEAD / HTTP/1.1" 200 - "http://www.graphicdesigntrainingreview.com/images/online/vicodin/" "Mozilla/4.0 (compatible; MSIE 6.0; Windows NT 5.1)"
70.84.114.34 - - [03/Nov/2006:08:25:20 +0000] "HEAD / HTTP/1.1" 200 - "http://www.fibermaterialstudies.com/images/online/vicodin/" "Mozilla/4.0 (compatible; MSIE 6.0; Windows NT 5.1)"
70.84.114.34 - - [03/Nov/2006:08:26:40 +0000] "HEAD / HTTP/1.1" 200 - "http://www.teachmath.net/images/online/adipex/" "Mozilla/4.0 (compatible; MSIE 6.0; Windows NT 5.1)"
72.232.75.139 - - [03/Nov/2006:08:30:07 +0000] "HEAD / HTTP/1.1" 200 - "http://www.prairiepreservationalliance.org/images/online/vicodin/" "Mozilla/4.0 (compatible; MSIE 6.0; Windows NT 5.1)"
70.84.114.34 - - [03/Nov/2006:08:31:28 +0000] "HEAD / HTTP/1.1" 200 - "http://www.chancecuisine.com/images/online/vicodin/" "Mozilla/4.0 (compatible; MSIE 6.0; Windows NT 5.1)"
70.84.114.34 - - [03/Nov/2006:08:32:36 +0000] "HEAD / HTTP/1.1" 200 - "http://www.aesmichigan.com/images/online/phentermine/" "Mozilla/4.0 (compatible; MSIE 6.0; Windows NT 5.1)"
58.136.61.72 - - [03/Nov/2006:08:35:38 +0000] "GET /images/small-patch.jpg HTTP/1.1" 200 6533 "http://www.ca-automotive.co.uk/turbo-electronics.shtml" "Mozilla/4.0 (compatible; MSIE 6.0; Windows NT 5.1; SV1)"
72.29.73.155 - - [03/Nov/2006:08:42:58 +0000] "HEAD / HTTP/1.1" 200 - "http://www.emergingartistsgroup.com/images/online/adipex/" "Mozilla/4.0 (compatible; MSIE 6.0; Windows NT 5.1)"
81.77.140.59 - - [03/Nov/2006:08:45:00 +0000] "GET /images/small-patch.jpg HTTP/1.1" 200 6533 "http://www.ca-automotive.co.uk/gruppem.shtml" "Mozilla/4.0 (compatible; MSIE 6.0; Windows NT 5.1; SV1; FunWebProducts; .NET CLR 1.1.4322)"
72.232.75.139 - - [03/Nov/2006:08:48:40 +0000] "HEAD / HTTP/1.1" 200 - "http://www.ashevillelyric.org/images/online/phentermine/" "Mozilla/4.0 (compatible; MSIE 6.0; Windows NT 5.1)"
220.225.226.3 - - [03/Nov/2006:08:51:37 +0000] "GET /images/s-pcouk.gif HTTP/1.0" 200 112 "http://www.actiserve.net/" "Mozilla/5.0 (Windows; U; Windows NT 5.0; en-US; rv:1.8.0.7) Gecko/20060909 Firefox/1.5.0.7"
86.133.179.109 - - [03/Nov/2006:08:58:26 +0000] "GET /images/grid.gif HTTP/1.1" 200 1460 "-" "Mozilla/4.0 (compatible; MSIE 6.0; Windows NT 5.1; UE3.00 BAO; AskBar 3.00; FunWebProducts; SV1; (R1 1.5))"
72.232.75.139 - - [03/Nov/2006:08:59:31 +0000] "HEAD / HTTP/1.1" 200 - "http://www.sweaterbabe.com/images/online/ultram/" "Mozilla/4.0 (compatible; MSIE 6.0; Windows NT 5.1)"
81.178.126.3 - - [03/Nov/2006:09:02:22 +0000] "GET /images/grid.gif HTTP/1.1" 200 1460 "-" "Mozilla/4.0 (compatible; MSIE 6.0; Windows NT 5.1; SV1; .NET CLR 1.0.3705; .NET CLR 1.1.4322)"
81.178.1.106 - - [03/Nov/2006:09:03:10 +0000] "GET /reports/ HTTP/1.1" 401 19057 "-" "Mozilla/4.0 (compatible; MSIE 6.0; Windows NT 5.0; .NET CLR 1.1.4322; Alexa Toolbar)"
81.178.1.106 - glyn [03/Nov/2006:09:03:13 +0000] "GET /reports/ HTTP/1.1" 200 23244 "-" "Mozilla/4.0 (compatible; MSIE 6.0; Windows NT 5.0; .NET CLR 1.1.4322; Alexa Toolbar)"
81.178.1.106 - - [03/Nov/2006:09:03:13 +0000] "GET /cgi-bin/weblogs/graphs/bar2.gif HTTP/1.1" 304 - "http://www.s-p.co.uk/reports/" "Mozilla/4.0 (compatible; MSIE 6.0; Windows NT 5.0; .NET CLR 1.1.4322; Alexa Toolbar)"
81.178.1.106 - - [03/Nov/2006:09:03:13 +0000] "GET /cgi-bin/weblogs/graphs/bar3.gif HTTP/1.1" 304 - "http://www.s-p.co.uk/reports/" "Mozilla/4.0 (compatible; MSIE 6.0; Windows NT 5.0; .NET CLR 1.1.4322; Alexa Toolbar)"
81.178.1.106 - - [03/Nov/2006:09:03:13 +0000] "GET /cgi-bin/weblogs/graphs/bar4.gif HTTP/1.1" 304 - "http://www.s-p.co.uk/reports/" "Mozilla/4.0 (compatible; MSIE 6.0; Windows NT 5.0; .NET CLR 1.1.4322; Alexa Toolbar)"
81.178.1.106 - - [03/Nov/2006:09:03:13 +0000] "GET /cgi-bin/weblogs/graphs/bar6.gif HTTP/1.1" 304 - "http://www.s-p.co.uk/reports/" "Mozilla/4.0 (compatible; MSIE 6.0; Windows NT 5.0; .NET CLR 1.1.4322; Alexa Toolbar)"
81.178.1.106 - - [03/Nov/2006:09:03:13 +0000] "GET /cgi-bin/weblogs/graphs/bar5.gif HTTP/1.1" 304 - "http://www.s-p.co.uk/reports/" "Mozilla/4.0 (compatible; MSIE 6.0; Windows NT 5.0; .NET CLR 1.1.4322; Alexa Toolbar)"
81.178.1.106 - glyn [03/Nov/2006:09:05:00 +0000] "GET /reports/log.refs.html HTTP/1.1" 200 17667 "http://www.s-p.co.uk/reports/" "Mozilla/4.0 (compatible; MSIE 6.0; Windows NT 5.0; .NET CLR 1.1.4322; Alexa Toolbar)"
70.84.114.34 - - [03/Nov/2006:09:08:28 +0000] "HEAD / HTTP/1.1" 200 - "http://www.mitchepstein.net/images/online/viagra/" "Mozilla/4.0 (compatible; MSIE 6.0; Windows NT 5.1)"
72.29.73.155 - - [03/Nov/2006:09:09:10 +0000] "HEAD / HTTP/1.1" 200 - "http://www.tibetarts.com/images/online/tramadol/" "Mozilla/4.0 (compatible; MSIE 6.0; Windows NT 5.1)"
86.143.6.222 - - [03/Nov/2006:09:10:26 +0000] "GET /images/small-patch.jpg HTTP/1.1" 200 6533 "http://www.ca-automotive.co.uk/gruppem.shtml" "Mozilla/4.0 (compatible; MSIE 6.0; Windows NT 5.1; SV1; .NET CLR 1.1.4322; InfoPath.1)"
70.84.114.34 - - [03/Nov/2006:09:13:36 +0000] "HEAD / HTTP/1.1" 200 - "http://www.wallyhood.com/images/online/tramadol/" "Mozilla/4.0 (compatible; MSIE 6.0; Windows NT 5.1)"
72.232.75.139 - - [03/Nov/2006:09:17:00 +0000] "HEAD / HTTP/1.1" 200 - "http://www.artquestonline.org/images/online/buy-phentermine/" "Mozilla/4.0 (compatible; MSIE 6.0; Windows NT 5.1)"
212.239.73.7 - - [03/Nov/2006:09:18:11 +0000] "GET / HTTP/1.1" 200 16481 "-" "-"
72.9.244.82 - - [03/Nov/2006:09:20:20 +0000] "HEAD / HTTP/1.1" 200 - "http://www.briansbar.com/images/online/fioricet/" "Mozilla/4.0 (compatible; MSIE 6.0; Windows NT 5.1)"
72.232.75.139 - - [03/Nov/2006:09:21:37 +0000] "HEAD / HTTP/1.1" 200 - "http://www.aesmichigan.com/images/online/fioricet/" "Mozilla/4.0 (compatible; MSIE 6.0; Windows NT 5.1)"
70.84.114.34 - - [03/Nov/2006:09:23:53 +0000] "HEAD / HTTP/1.1" 200 - "http://www.lynnwardlow.com/images/online/ultram/" "Mozilla/4.0 (compatible; MSIE 6.0; Windows NT 5.1)"
72.232.75.139 - - [03/Nov/2006:09:24:26 +0000] "HEAD / HTTP/1.1" 200 - "http://www.joyephoto.com/images/online/viagra/" "Mozilla/4.0 (compatible; MSIE 6.0; Windows NT 5.1)"
70.84.114.34 - - [03/Nov/2006:09:24:32 +0000] "HEAD / HTTP/1.1" 200 - "http://www.esperanzadelbarrio.org/images/online/valium/" "Mozilla/4.0 (compatible; MSIE 6.0; Windows NT 5.1)"
72.232.75.139 - - [03/Nov/2006:09:25:21 +0000] "HEAD / HTTP/1.1" 200 - "http://www.bmwelldrillers.com/images/online/adipex/" "Mozilla/4.0 (compatible; MSIE 6.0; Windows NT 5.1)"
213.18.248.47 - - [03/Nov/2006:09:25:29 +0000] "GET /images/grid.gif HTTP/1.0" 200 1460 "http://www.kentcane.co.uk/" "Mozilla/4.0 (compatible; MSIE 6.0; Windows NT 5.1; SV1; .NET CLR 1.1.4322)"
212.42.191.106 - - [03/Nov/2006:09:25:45 +0000] "GET /images/grid.gif HTTP/1.1" 200 1460 "http://209.85.135.104/search?q=cache:S4TtD11o4XYJ:www.national-preservation.com/forum/viewtopic.php%3Ft%3D2531%26view%3Dnext%26sid%3D2908ada35626e827d662952b16da45ba+%22Dapol+M7%22&hl=en&gl=uk&ct=clnk&cd=19" "Mozilla/5.0 (Macintosh; U; PPC Mac OS X Mach-O; en-US; rv:1.8.0.7) Gecko/20060909 Firefox/1.5.0.7"
81.155.175.42 - - [03/Nov/2006:09:29:43 +0000] "GET /images/small-patch.jpg HTTP/1.1" 200 6533 "http://www.ca-automotive.co.uk/bilstein.shtmll" "Mozilla/4.0 (compatible; MSIE 6.0; Windows NT 5.1; SV1; .NET CLR 1.1.4322; .NET CLR 2.0.50727)"
212.159.66.119 - - [03/Nov/2006:09:31:11 +0000] "GET /images/grid.gif HTTP/1.1" 200 1460 "http://www.mccormack-risk.com/" "Mozilla/4.0 (compatible; MSIE 6.0; Windows NT 5.1; SV1; .NET CLR 1.1.4322; .NET CLR 2.0.50727)"
72.232.75.139 - - [03/Nov/2006:09:31:35 +0000] "HEAD / HTTP/1.1" 200 - "http://www.canyonspirityoga.com/images/online/adipex/" "Mozilla/4.0 (compatible; MSIE 6.0; Windows NT 5.1)"
83.160.231.94 - - [03/Nov/2006:09:32:50 +0000] "GET /images/small-patch.jpg HTTP/1.1" 200 6533 "http://www.spv.co.uk/acatalog/modelrail.shtml" "Mozilla/4.0 (compatible; MSIE 6.0; Windows NT 5.1; SV1)"
83.160.231.94 - - [03/Nov/2006:09:33:24 +0000] "GET /images/small-patch.jpg HTTP/1.1" 304 - "http://www.spv.co.uk/acatalog/modelrail.shtml" "Mozilla/4.0 (compatible; MSIE 6.0; Windows NT 5.1; SV1)"
83.160.231.94 - - [03/Nov/2006:09:33:28 +0000] "GET /images/small-patch.jpg HTTP/1.1" 304 - "http://www.spv.co.uk/acatalog/railroading.shtml" "Mozilla/4.0 (compatible; MSIE 6.0; Windows NT 5.1; SV1)"
83.160.231.94 - - [03/Nov/2006:09:33:33 +0000] "GET /images/small-patch.jpg HTTP/1.1" 304 - "http://www.spv.co.uk/acatalog/atlases.shtml" "Mozilla/4.0 (compatible; MSIE 6.0; Windows NT 5.1; SV1)"
83.160.231.94 - - [03/Nov/2006:09:33:43 +0000] "GET /images/small-patch.jpg HTTP/1.1" 304 - "http://www.spv.co.uk/acatalog/railroading.shtml" "Mozilla/4.0 (compatible; MSIE 6.0; Windows NT 5.1; SV1)"
70.84.114.34 - - [03/Nov/2006:09:34:58 +0000] "HEAD / HTTP/1.1" 200 - "http://www.lynnwardlow.com/images/online/adipex/" "Mozilla/4.0 (compatible; MSIE 6.0; Windows NT 5.1)"
70.84.114.34 - - [03/Nov/2006:09:35:53 +0000] "HEAD / HTTP/1.1" 200 - "http://www.mightycompanions.org/images/online/tramadol/" "Mozilla/4.0 (compatible; MSIE 6.0; Windows NT 5.1)"
195.173.13.125 - - [03/Nov/2006:09:41:04 +0000] "GET /images/small-patch.jpg HTTP/1.0" 200 6533 "-" "Mozilla/4.0 (compatible; BorderManager 3.0)"
72.232.75.139 - - [03/Nov/2006:09:42:34 +0000] "HEAD / HTTP/1.1" 200 - "http://www.fibermaterialstudies.com/images/online/vicodin/" "Mozilla/4.0 (compatible; MSIE 6.0; Windows NT 5.1)"
72.232.75.139 - - [03/Nov/2006:09:46:57 +0000] "HEAD / HTTP/1.1" 200 - "http://www.virginiachallenge.org/images/online/phentermine/" "Mozilla/4.0 (compatible; MSIE 6.0; Windows NT 5.1)"
72.232.75.139 - - [03/Nov/2006:09:47:23 +0000] "HEAD / HTTP/1.1" 200 - "http://www.emergingartistsgroup.com/images/online/tramadol/" "Mozilla/4.0 (compatible; MSIE 6.0; Windows NT 5.1)"
213.123.175.122 - - [03/Nov/2006:09:50:14 +0000] "GET /images/small-patch.jpg HTTP/1.1" 304 - "http://www.businessincubator.co.uk/index.shtml" "Mozilla/4.0 (compatible; MSIE 6.0; Windows NT 5.1; SV1; .NET CLR 1.1.4322)"
72.29.73.155 - - [03/Nov/2006:09:53:35 +0000] "HEAD / HTTP/1.1" 200 - "http://www.tcastle.com/images/online/viagra/" "Mozilla/4.0 (compatible; MSIE 6.0; Windows NT 5.1)"
217.140.42.4 - - [03/Nov/2006:10:02:20 +0000] "GET /images/small-patch.jpg HTTP/1.1" 200 6533 "http://www.ca-automotive.co.uk/suspension-geometry.shtml" "Mozilla/4.0 (compatible; MSIE 6.0; Windows NT 5.0)"
213.120.81.205 - - [03/Nov/2006:10:04:35 +0000] "GET /images/grid.gif HTTP/1.1" 304 - "http://www.pajeroclub.co.uk/insurance.shtml" "Mozilla/4.0 (compatible; MSIE 6.0; Windows NT 5.1; .NET CLR 1.1.4322; .NET CLR 2.0.50727)"
72.232.75.139 - - [03/Nov/2006:10:09:05 +0000] "HEAD / HTTP/1.1" 200 - "http://www.americanrecords.com/images/online/valium/" "Mozilla/4.0 (compatible; MSIE 6.0; Windows NT 5.1)"
70.84.114.34 - - [03/Nov/2006:10:10:06 +0000] "HEAD / HTTP/1.1" 200 - "http://www.duaneedwardsdirector.com/images/online/adipex/" "Mozilla/4.0 (compatible; MSIE 6.0; Windows NT 5.1)"
83.105.100.34 - - [03/Nov/2006:10:10:47 +0000] "GET /images/grid.gif HTTP/1.1" 200 1460 "http://www.internet-marketing-kent.co.uk/viking-fireworks-fireworks-displays-south-england.shtml" "Mozilla/4.0 (compatible; MSIE 6.0; Windows NT 5.1)"
170.148.92.21 - - [03/Nov/2006:10:13:24 +0000] "GET /images/small-patch.jpg HTTP/1.0" 200 6533 "-" "Mozilla/3.01 (compatible;)"
70.84.114.34 - - [03/Nov/2006:10:17:43 +0000] "HEAD / HTTP/1.1" 200 - "http://www.sweaterbabe.com/images/online/vicodin/" "Mozilla/4.0 (compatible; MSIE 6.0; Windows NT 5.1)"
72.232.75.139 - - [03/Nov/2006:10:18:25 +0000] "HEAD / HTTP/1.1" 200 - "http://www.incec.org/images/online/phentermine/" "Mozilla/4.0 (compatible; MSIE 6.0; Windows NT 5.1)"
72.232.75.139 - - [03/Nov/2006:10:21:27 +0000] "HEAD / HTTP/1.1" 200 - "http://www.azularc.com/images/online/phentermine/" "Mozilla/4.0 (compatible; MSIE 6.0; Windows NT 5.1)"
81.245.245.231 - - [03/Nov/2006:10:23:28 +0000] "GET /style.css HTTP/1.1" 200 3511 "http://www.s-p.co.uk/" "Mozilla/4.0 (compatible; MSIE 6.0; Windows NT 5.0; {5E710D45-2840-5BF8-2824-52E97AC69569})"
81.245.245.231 - - [03/Nov/2006:10:23:28 +0000] "GET / HTTP/1.1" 200 16481 "http://www.auto-glazing.co.uk/" "Mozilla/4.0 (compatible; MSIE 6.0; Windows NT 5.0; {5E710D45-2840-5BF8-2824-52E97AC69569})"
81.245.245.231 - - [03/Nov/2006:10:23:29 +0000] "GET /images/imklogo.gif HTTP/1.1" 200 5142 "http://www.s-p.co.uk/" "Mozilla/4.0 (compatible; MSIE 6.0; Windows NT 5.0; {5E710D45-2840-5BF8-2824-52E97AC69569})"
81.245.245.231 - - [03/Nov/2006:10:23:28 +0000] "GET /images/logo.jpg HTTP/1.1" 200 17245 "http://www.s-p.co.uk/" "Mozilla/4.0 (compatible; MSIE 6.0; Windows NT 5.0; {5E710D45-2840-5BF8-2824-52E97AC69569})"
81.245.245.231 - - [03/Nov/2006:10:23:29 +0000] "GET /images/navbg.gif HTTP/1.1" 200 90 "http://www.s-p.co.uk/" "Mozilla/4.0 (compatible; MSIE 6.0; Windows NT 5.0; {5E710D45-2840-5BF8-2824-52E97AC69569})"
81.245.245.231 - - [03/Nov/2006:10:23:29 +0000] "GET /images/submit.gif HTTP/1.1" 200 271 "http://www.s-p.co.uk/" "Mozilla/4.0 (compatible; MSIE 6.0; Windows NT 5.0; {5E710D45-2840-5BF8-2824-52E97AC69569})"
81.245.245.231 - - [03/Nov/2006:10:23:29 +0000] "GET /images/ukhomeinsulation.gif HTTP/1.1" 200 4546 "http://www.s-p.co.uk/" "Mozilla/4.0 (compatible; MSIE 6.0; Windows NT 5.0; {5E710D45-2840-5BF8-2824-52E97AC69569})"
81.245.245.231 - - [03/Nov/2006:10:23:29 +0000] "GET /images/hog-roaster3-thumb.jpg HTTP/1.1" 200 6454 "http://www.s-p.co.uk/" "Mozilla/4.0 (compatible; MSIE 6.0; Windows NT 5.0; {5E710D45-2840-5BF8-2824-52E97AC69569})"
81.245.245.231 - - [03/Nov/2006:10:23:29 +0000] "GET /images/save-energy-uk.jpg HTTP/1.1" 200 3068 "http://www.s-p.co.uk/" "Mozilla/4.0 (compatible; MSIE 6.0; Windows NT 5.0; {5E710D45-2840-5BF8-2824-52E97AC69569})"
81.245.245.231 - - [03/Nov/2006:10:23:29 +0000] "GET /images/crack-screen.gif HTTP/1.1" 200 18700 "http://www.s-p.co.uk/" "Mozilla/4.0 (compatible; MSIE 6.0; Windows NT 5.0; {5E710D45-2840-5BF8-2824-52E97AC69569})"
81.245.245.231 - - [03/Nov/2006:10:23:38 +0000] "GET /cgi-bin/index.pl?action=showinfo&maincat=1031&subcat=8 HTTP/1.1" 200 9774 "http://www.s-p.co.uk/" "Mozilla/4.0 (compatible; MSIE 6.0; Windows NT 5.0; {5E710D45-2840-5BF8-2824-52E97AC69569})"
81.245.245.231 - - [03/Nov/2006:10:23:38 +0000] "GET /cgi-bin/style.css HTTP/1.1" 200 4091 "http://www.s-p.co.uk/cgi-bin/index.pl?action=showinfo&maincat=1031&subcat=8" "Mozilla/4.0 (compatible; MSIE 6.0; Windows NT 5.0; {5E710D45-2840-5BF8-2824-52E97AC69569})"
66.249.65.116 - - [03/Nov/2006:10:23:42 +0000] "GET /cgi-bin/index.pl?action=showinfo&maincat=1031&subcat=8 HTTP/1.1" 200 9774 "-" "Mediapartners-Google/2.1"
204.13.171.224 - - [03/Nov/2006:10:24:34 +0000] "HEAD / HTTP/1.1" 200 - "http://www.deerhavenestate.com/images/online/adipex/" "Mozilla/4.0 (compatible; MSIE 6.0; Windows NT 5.1)"
81.245.245.231 - - [03/Nov/2006:10:24:35 +0000] "GET /style.css HTTP/1.1" 304 - "http://www.s-p.co.uk/" "Mozilla/4.0 (compatible; MSIE 6.0; Windows NT 5.0; {5E710D45-2840-5BF8-2824-52E97AC69569})"
81.245.245.231 - - [03/Nov/2006:10:24:35 +0000] "GET /images/logo.jpg HTTP/1.1" 304 - "http://www.s-p.co.uk/" "Mozilla/4.0 (compatible; MSIE 6.0; Windows NT 5.0; {5E710D45-2840-5BF8-2824-52E97AC69569})"
81.245.245.231 - - [03/Nov/2006:10:24:36 +0000] "GET /images/imklogo.gif HTTP/1.1" 304 - "http://www.s-p.co.uk/" "Mozilla/4.0 (compatible; MSIE 6.0; Windows NT 5.0; {5E710D45-2840-5BF8-2824-52E97AC69569})"
81.245.245.231 - - [03/Nov/2006:10:24:36 +0000] "GET /images/navbg.gif HTTP/1.1" 304 - "http://www.s-p.co.uk/" "Mozilla/4.0 (compatible; MSIE 6.0; Windows NT 5.0; {5E710D45-2840-5BF8-2824-52E97AC69569})"
81.245.245.231 - - [03/Nov/2006:10:24:36 +0000] "GET /images/submit.gif HTTP/1.1" 304 - "http://www.s-p.co.uk/" "Mozilla/4.0 (compatible; MSIE 6.0; Windows NT 5.0; {5E710D45-2840-5BF8-2824-52E97AC69569})"
81.245.245.231 - - [03/Nov/2006:10:24:35 +0000] "GET / HTTP/1.1" 200 16481 "http://www.auto-glazing.co.uk/" "Mozilla/4.0 (compatible; MSIE 6.0; Windows NT 5.0; {5E710D45-2840-5BF8-2824-52E97AC69569})"
81.245.245.231 - - [03/Nov/2006:10:24:36 +0000] "GET /images/ukhomeinsulation.gif HTTP/1.1" 304 - "http://www.s-p.co.uk/" "Mozilla/4.0 (compatible; MSIE 6.0; Windows NT 5.0; {5E710D45-2840-5BF8-2824-52E97AC69569})"
81.245.245.231 - - [03/Nov/2006:10:24:36 +0000] "GET /images/hog-roaster3-thumb.jpg HTTP/1.1" 304 - "http://www.s-p.co.uk/" "Mozilla/4.0 (compatible; MSIE 6.0; Windows NT 5.0; {5E710D45-2840-5BF8-2824-52E97AC69569})"
81.245.245.231 - - [03/Nov/2006:10:24:36 +0000] "GET /images/save-energy-uk.jpg HTTP/1.1" 304 - "http://www.s-p.co.uk/" "Mozilla/4.0 (compatible; MSIE 6.0; Windows NT 5.0; {5E710D45-2840-5BF8-2824-52E97AC69569})"
81.245.245.231 - - [03/Nov/2006:10:24:36 +0000] "GET /images/crack-screen.gif HTTP/1.1" 304 - "http://www.s-p.co.uk/" "Mozilla/4.0 (compatible; MSIE 6.0; Windows NT 5.0; {5E710D45-2840-5BF8-2824-52E97AC69569})"
86.134.236.139 - - [03/Nov/2006:10:25:55 +0000] "GET /images/grid.gif HTTP/1.1" 200 1460 "-" "Mozilla/4.0 (compatible; MSIE 6.0; Windows NT 5.1; SV1; InfoPath.1)"
72.232.75.139 - - [03/Nov/2006:10:28:37 +0000] "HEAD / HTTP/1.1" 200 - "http://www.incec.org/images/online/xanax/" "Mozilla/4.0 (compatible; MSIE 6.0; Windows NT 5.1)"
72.232.75.139 - - [03/Nov/2006:10:32:41 +0000] "HEAD / HTTP/1.1" 200 - "http://www.glorifythepast.com/images/online/xanax/" "Mozilla/4.0 (compatible; MSIE 6.0; Windows NT 5.1)"
72.232.75.139 - - [03/Nov/2006:10:34:41 +0000] "HEAD / HTTP/1.1" 200 - "http://www.wallyhood.com/images/online/xanax/" "Mozilla/4.0 (compatible; MSIE 6.0; Windows NT 5.1)"
70.84.114.34 - - [03/Nov/2006:10:35:23 +0000] "HEAD / HTTP/1.1" 200 - "http://www.vip-creations.com/images/online/valium/" "Mozilla/4.0 (compatible; MSIE 6.0; Windows NT 5.1)"
72.232.75.139 - - [03/Nov/2006:10:36:49 +0000] "HEAD / HTTP/1.1" 200 - "http://www.sweaterbabe.com/images/online/vicodin/" "Mozilla/4.0 (compatible; MSIE 6.0; Windows NT 5.1)"
204.13.171.224 - - [03/Nov/2006:10:36:56 +0000] "HEAD / HTTP/1.1" 200 - "http://www.blairadr.com/images/online/phentermine/" "Mozilla/4.0 (compatible; MSIE 6.0; Windows NT 5.1)"
72.232.75.139 - - [03/Nov/2006:10:37:10 +0000] "HEAD / HTTP/1.1" 200 - "http://www.cinemaphile.org/images/online/fioricet/" "Mozilla/4.0 (compatible; MSIE 6.0; Windows NT 5.1)"
163.156.240.17 - - [03/Nov/2006:10:38:11 +0000] "GET /images/grid.gif HTTP/1.0" 200 1460 "http://www.w3w3.co.uk/intro.shtml" "Mozilla/4.0 (compatible; MSIE 6.0; Windows NT 5.1; .NET CLR 1.1.4322)"
70.84.114.34 - - [03/Nov/2006:10:40:08 +0000] "HEAD / HTTP/1.1" 200 - "http://www.prairiepreservationalliance.org/images/online/fioricet/" "Mozilla/4.0 (compatible; MSIE 6.0; Windows NT 5.1)"
70.84.114.34 - - [03/Nov/2006:10:41:32 +0000] "HEAD / HTTP/1.1" 200 - "http://www.angelosandvincis.com/images/online/fioricet/" "Mozilla/4.0 (compatible; MSIE 6.0; Windows NT 5.1)"
72.232.75.139 - - [03/Nov/2006:10:43:25 +0000] "HEAD / HTTP/1.1" 200 - "http://www.assyriannation.com/images/online/buy-phentermine/" "Mozilla/4.0 (compatible; MSIE 6.0; Windows NT 5.1)"
72.232.75.139 - - [03/Nov/2006:10:43:37 +0000] "HEAD / HTTP/1.1" 200 - "http://www.cymawatch.com/images/online/viagra/" "Mozilla/4.0 (compatible; MSIE 6.0; Windows NT 5.1)"
196.46.64.139 - - [03/Nov/2006:10:45:28 +0000] "GET /images/small-patch.jpg HTTP/1.1" 304 - "http://www.ca-automotive.co.uk/specialist-bmw-products3.shtml" "Mozilla/4.0 (compatible; MSIE 6.0; Windows NT 5.1; SV1)"
204.13.171.224 - - [03/Nov/2006:10:47:18 +0000] "HEAD / HTTP/1.1" 200 - "http://www.irregularbin.com/images/online/xanax/" "Mozilla/4.0 (compatible; MSIE 6.0; Windows NT 5.1)"
84.90.206.133 - - [03/Nov/2006:10:47:48 +0000] "GET /images/small-patch.jpg HTTP/1.1" 200 6533 "http://www.active-autowerke.co.uk/carbon-fibre-e36.shtml" "Opera/9.0 (Windows NT 5.1; U; en)"
72.232.75.139 - - [03/Nov/2006:10:49:28 +0000] "HEAD / HTTP/1.1" 200 - "http://www.glorifythepast.com/images/online/valium/" "Mozilla/4.0 (compatible; MSIE 6.0; Windows NT 5.1)"
72.232.75.139 - - [03/Nov/2006:10:50:29 +0000] "HEAD / HTTP/1.1" 200 - "http://www.atlanticcoastabstract.com/images/online/xanax/" "Mozilla/4.0 (compatible; MSIE 6.0; Windows NT 5.1)"
72.9.244.82 - - [03/Nov/2006:10:51:05 +0000] "HEAD / HTTP/1.1" 200 - "http://www.coxtennis.com/images/online/xanax/" "Mozilla/4.0 (compatible; MSIE 6.0; Windows NT 5.1)"
129.230.248.1 - - [03/Nov/2006:10:54:23 +0000] "GET /images/grid.gif HTTP/1.0" 200 1460 "http://www.pajeroclub.co.uk/" "Mozilla/4.0 (compatible; MSIE 6.0; Windows NT 5.1; SV1; .NET CLR 1.1.4322)"
60.49.37.178 - - [03/Nov/2006:10:55:20 +0000] "GET /images/small-patch.jpg HTTP/1.1" 200 6533 "http://jaguar.reconditioned-engines.co.uk/ggl/" "Mozilla/4.0 (compatible; MSIE 6.0; Windows NT 5.1; SV1)"
72.232.75.139 - - [03/Nov/2006:10:56:07 +0000] "HEAD / HTTP/1.1" 200 - "http://www.aesmichigan.com/images/online/buy-phentermine/" "Mozilla/4.0 (compatible; MSIE 6.0; Windows NT 5.1)"
72.232.75.139 - - [03/Nov/2006:10:58:41 +0000] "HEAD / HTTP/1.1" 200 - "http://www.alaskagetaway.net/images/online/vicodin/" "Mozilla/4.0 (compatible; MSIE 6.0; Windows NT 5.1)"
81.178.1.106 - - [03/Nov/2006:11:03:55 +0000] "GET /style.css HTTP/1.1" 304 - "http://www.s-p.co.uk/" "Mozilla/4.0 (compatible; MSIE 6.0; Windows NT 5.0)"
81.178.1.106 - - [03/Nov/2006:11:03:55 +0000] "GET /images/logo.jpg HTTP/1.1" 304 - "http://www.s-p.co.uk/" "Mozilla/4.0 (compatible; MSIE 6.0; Windows NT 5.0)"
81.178.1.106 - - [03/Nov/2006:11:03:55 +0000] "GET / HTTP/1.1" 200 16481 "-" "Mozilla/4.0 (compatible; MSIE 6.0; Windows NT 5.0)"
81.178.1.106 - - [03/Nov/2006:11:03:55 +0000] "GET /images/imklogo.gif HTTP/1.1" 304 - "http://www.s-p.co.uk/" "Mozilla/4.0 (compatible; MSIE 6.0; Windows NT 5.0)"
81.178.1.106 - - [03/Nov/2006:11:03:55 +0000] "GET /images/navbg.gif HTTP/1.1" 304 - "http://www.s-p.co.uk/" "Mozilla/4.0 (compatible; MSIE 6.0; Windows NT 5.0)"
81.178.1.106 - - [03/Nov/2006:11:03:55 +0000] "GET /images/ukhomeinsulation.gif HTTP/1.1" 304 - "http://www.s-p.co.uk/" "Mozilla/4.0 (compatible; MSIE 6.0; Windows NT 5.0)"
81.178.1.106 - - [03/Nov/2006:11:03:55 +0000] "GET /images/hog-roaster3-thumb.jpg HTTP/1.1" 304 - "http://www.s-p.co.uk/" "Mozilla/4.0 (compatible; MSIE 6.0; Windows NT 5.0)"
81.178.1.106 - - [03/Nov/2006:11:03:55 +0000] "GET /images/submit.gif HTTP/1.1" 304 - "http://www.s-p.co.uk/" "Mozilla/4.0 (compatible; MSIE 6.0; Windows NT 5.0)"
81.178.1.106 - - [03/Nov/2006:11:03:55 +0000] "GET /images/save-energy-uk.jpg HTTP/1.1" 304 - "http://www.s-p.co.uk/" "Mozilla/4.0 (compatible; MSIE 6.0; Windows NT 5.0)"
81.178.1.106 - - [03/Nov/2006:11:03:55 +0000] "GET /images/crack-screen.gif HTTP/1.1" 304 - "http://www.s-p.co.uk/" "Mozilla/4.0 (compatible; MSIE 6.0; Windows NT 5.0)"
81.178.1.106 - - [03/Nov/2006:11:04:05 +0000] "GET /logs/ HTTP/1.1" 200 792 "-" "Mozilla/4.0 (compatible; MSIE 6.0; Windows NT 5.0)"
81.178.1.106 - - [03/Nov/2006:11:04:05 +0000] "GET /icons/back.gif HTTP/1.1" 200 216 "http://www.s-p.co.uk/logs/" "Mozilla/4.0 (compatible; MSIE 6.0; Windows NT 5.0)"
81.178.1.106 - - [03/Nov/2006:11:04:05 +0000] "GET /icons/blank.gif HTTP/1.1" 200 148 "http://www.s-p.co.uk/logs/" "Mozilla/4.0 (compatible; MSIE 6.0; Windows NT 5.0)"
81.178.1.106 - - [03/Nov/2006:11:04:05 +0000] "GET /icons/unknown.gif HTTP/1.1" 200 245 "http://www.s-p.co.uk/logs/" "Mozilla/4.0 (compatible; MSIE 6.0; Windows NT 5.0)"
81.178.1.106 - - [03/Nov/2006:11:04:05 +0000] "GET /icons/folder.gif HTTP/1.1" 200 225 "http://www.s-p.co.uk/logs/" "Mozilla/4.0 (compatible; MSIE 6.0; Windows NT 5.0)"
81.178.1.106 - - [03/Nov/2006:11:04:12 +0000] "GET /reports/ HTTP/1.1" 401 19057 "-" "Mozilla/4.0 (compatible; MSIE 6.0; Windows NT 5.0)"
81.178.1.106 - - [03/Nov/2006:11:04:18 +0000] "GET /cgi-bin/weblogs/graphs/bar2.gif HTTP/1.1" 304 - "http://www.s-p.co.uk/reports/" "Mozilla/4.0 (compatible; MSIE 6.0; Windows NT 5.0)"
81.178.1.106 - - [03/Nov/2006:11:04:18 +0000] "GET /cgi-bin/weblogs/graphs/bar3.gif HTTP/1.1" 304 - "http://www.s-p.co.uk/reports/" "Mozilla/4.0 (compatible; MSIE 6.0; Windows NT 5.0)"
81.178.1.106 - glyn [03/Nov/2006:11:04:18 +0000] "GET /reports/ HTTP/1.1" 200 23244 "-" "Mozilla/4.0 (compatible; MSIE 6.0; Windows NT 5.0)"
81.178.1.106 - - [03/Nov/2006:11:04:18 +0000] "GET /cgi-bin/weblogs/graphs/bar4.gif HTTP/1.1" 304 - "http://www.s-p.co.uk/reports/" "Mozilla/4.0 (compatible; MSIE 6.0; Windows NT 5.0)"
81.178.1.106 - - [03/Nov/2006:11:04:19 +0000] "GET /cgi-bin/weblogs/graphs/bar6.gif HTTP/1.1" 304 - "http://www.s-p.co.uk/reports/" "Mozilla/4.0 (compatible; MSIE 6.0; Windows NT 5.0)"
81.178.1.106 - - [03/Nov/2006:11:04:19 +0000] "GET /cgi-bin/weblogs/graphs/bar5.gif HTTP/1.1" 304 - "http://www.s-p.co.uk/reports/" "Mozilla/4.0 (compatible; MSIE 6.0; Windows NT 5.0)"
81.178.1.106 - glyn [03/Nov/2006:11:04:34 +0000] "GET /reports/log.refs.html HTTP/1.1" 200 17667 "http://www.s-p.co.uk/reports/" "Mozilla/4.0 (compatible; MSIE 6.0; Windows NT 5.0)"
72.29.73.155 - - [03/Nov/2006:11:05:37 +0000] "HEAD / HTTP/1.1" 200 - "http://www.bmwelldrillers.com/images/online/phentermine/" "Mozilla/4.0 (compatible; MSIE 6.0; Windows NT 5.1)"
70.84.114.34 - - [03/Nov/2006:11:10:42 +0000] "HEAD / HTTP/1.1" 200 - "http://www.assyriannation.com/images/online/adipex/" "Mozilla/4.0 (compatible; MSIE 6.0; Windows NT 5.1)"
81.178.1.106 - glyn [03/Nov/2006:11:10:46 +0000] "GET /reports/log.keys.html HTTP/1.1" 200 1180 "http://www.s-p.co.uk/reports/log.refs.html" "Mozilla/4.0 (compatible; MSIE 6.0; Windows NT 5.0)"
204.13.171.224 - - [03/Nov/2006:11:11:33 +0000] "HEAD / HTTP/1.1" 200 - "http://www.creativity-engineering.com/images/online/buy-phentermine/" "Mozilla/4.0 (compatible; MSIE 6.0; Windows NT 5.1)"
81.178.1.106 - - [03/Nov/2006:11:19:47 +0000] "GET /images/grid.gif HTTP/1.1" 200 1460 "http://www.what-where-when.co.uk/intro.shtml" "Mozilla/4.0 (compatible; MSIE 6.0; Windows NT 5.0; .NET CLR 1.1.4322; Alexa Toolbar)"
62.49.1.117 - - [03/Nov/2006:11:19:50 +0000] "GET /images/small-patch.jpg HTTP/1.1" 200 6533 "http://www.ca-automotive.co.uk/gruppem.shtml" "Mozilla/4.0 (compatible; MSIE 6.0; Windows NT 5.1; SV1; .NET CLR 1.1.4322)"
70.84.114.34 - - [03/Nov/2006:11:24:42 +0000] "HEAD / HTTP/1.1" 200 - "http://www.linec3.com/images/online/tramadol/" "Mozilla/4.0 (compatible; MSIE 6.0; Windows NT 5.1)"
72.232.75.139 - - [03/Nov/2006:11:25:29 +0000] "HEAD / HTTP/1.1" 200 - "http://www.todomimundoacolor.com/images/online/tramadol/" "Mozilla/4.0 (compatible; MSIE 6.0; Windows NT 5.1)"
72.232.75.139 - - [03/Nov/2006:11:26:00 +0000] "HEAD / HTTP/1.1" 200 - "http://www.briansbar.com/images/online/xanax/" "Mozilla/4.0 (compatible; MSIE 6.0; Windows NT 5.1)"
66.249.65.116 - - [03/Nov/2006:11:26:21 +0000] "GET /logs/backup/?C=N;O=A HTTP/1.1" 200 693 "-" "Mozilla/5.0 (compatible; Googlebot/2.1; +http://www.google.com/bot.html)"
70.84.114.34 - - [03/Nov/2006:11:28:31 +0000] "HEAD / HTTP/1.1" 200 - "http://www.azularc.com/images/online/phentermine/" "Mozilla/4.0 (compatible; MSIE 6.0; Windows NT 5.1)"
66.249.65.116 - - [03/Nov/2006:11:33:22 +0000] "GET /logs/backup/?C=D;O=D HTTP/1.1" 200 693 "-" "Mozilla/5.0 (compatible; Googlebot/2.1; +http://www.google.com/bot.html)"
195.93.21.3 - - [03/Nov/2006:11:35:26 +0000] "GET /images/grid.gif HTTP/1.1" 200 1460 "http://www.internet-marketing-kent.co.uk/all-businesses.shtml" "Mozilla/4.0 (compatible; MSIE 6.0; AOL 8.0; Windows NT 5.1; SV1)"
81.5.148.177 - - [03/Nov/2006:11:37:45 +0000] "GET /images/s-pcouk.gif HTTP/1.1" 200 112 "http://www.naturalfarms.co.uk/natural-farms-butchers.shtml" "Mozilla/4.0 (compatible; MSIE 6.0; Windows NT 5.0; .NET CLR 1.0.3705)"
72.232.75.139 - - [03/Nov/2006:11:40:01 +0000] "HEAD / HTTP/1.1" 200 - "http://www.blues-dance.com/images/online/valium/" "Mozilla/4.0 (compatible; MSIE 6.0; Windows NT 5.1)"
70.84.114.34 - - [03/Nov/2006:11:40:56 +0000] "HEAD / HTTP/1.1" 200 - "http://www.annabellenyc.com/images/online/tramadol/" "Mozilla/4.0 (compatible; MSIE 6.0; Windows NT 5.1)"
204.13.171.224 - - [03/Nov/2006:11:41:23 +0000] "HEAD / HTTP/1.1" 200 - "http://www.joyephoto.com/images/online/tramadol/" "Mozilla/4.0 (compatible; MSIE 6.0; Windows NT 5.1)"
204.13.171.224 - - [03/Nov/2006:11:41:43 +0000] "HEAD / HTTP/1.1" 200 - "http://www.cinemaphile.org/images/online/tramadol/" "Mozilla/4.0 (compatible; MSIE 6.0; Windows NT 5.1)"
218.111.4.202 - - [03/Nov/2006:11:43:01 +0000] "GET /images/small-patch.jpg HTTP/1.1" 200 6533 "http://www.ca-automotive.co.uk/suspension-geometry.shtml" "Mozilla/4.0 (compatible; MSIE 6.0; Windows NT 5.1; .NET CLR 2.0.50727)"
72.232.75.139 - - [03/Nov/2006:11:45:12 +0000] "HEAD / HTTP/1.1" 200 - "http://www.briansbar.com/images/online/xanax/" "Mozilla/4.0 (compatible; MSIE 6.0; Windows NT 5.1)"
218.111.4.202 - - [03/Nov/2006:11:46:34 +0000] "GET /images/small-patch.jpg HTTP/1.1" 304 - "http://www.active-autowerke.co.uk/ongoing-project-cars24.shtml" "Mozilla/4.0 (compatible; MSIE 6.0; Windows NT 5.1; .NET CLR 2.0.50727)"
66.249.65.116 - - [03/Nov/2006:11:53:22 +0000] "GET /logs/backup/?C=S;O=D HTTP/1.1" 200 693 "-" "Mozilla/5.0 (compatible; Googlebot/2.1; +http://www.google.com/bot.html)"
88.106.125.216 - - [03/Nov/2006:11:56:01 +0000] "GET /images/small-patch.jpg HTTP/1.1" 200 6533 "-" "Mozilla/4.0 (compatible; MSIE 6.0; Windows NT 5.1; SV1; .NET CLR 1.1.4322)"
66.249.65.116 - - [03/Nov/2006:11:56:29 +0000] "GET /logs/backup/?C=M;O=D HTTP/1.1" 200 693 "-" "Mozilla/5.0 (compatible; Googlebot/2.1; +http://www.google.com/bot.html)"
217.207.22.162 - - [03/Nov/2006:12:00:50 +0000] "GET / HTTP/1.0" 200 16481 "http://ww1.cherrypicked.co.uk/office-refurbishment-specialists/index.shtml" "Mozilla/4.0 (compatible; MSIE 6.0; Windows NT 5.2; .NET CLR 1.1.4322)"
217.207.22.162 - - [03/Nov/2006:12:00:51 +0000] "GET /style.css HTTP/1.0" 200 3511 "http://www.s-p.co.uk/" "Mozilla/4.0 (compatible; MSIE 6.0; Windows NT 5.2; .NET CLR 1.1.4322)"
217.207.22.162 - - [03/Nov/2006:12:00:51 +0000] "GET /images/imklogo.gif HTTP/1.0" 200 5142 "http://www.s-p.co.uk/" "Mozilla/4.0 (compatible; MSIE 6.0; Windows NT 5.2; .NET CLR 1.1.4322)"
